{"version":"1.0","provider_name":"VisualARQ","provider_url":"https:\/\/stg.visualarq.com\/de\/","author_name":"Francesc Salla","author_url":"https:\/\/stg.visualarq.com\/de\/author\/fsalla\/","title":"Verwendung von VisualARQ im Projekt Jard\u00edn la Playita - VisualARQ","type":"rich","width":600,"height":338,"html":"<blockquote class=\"wp-embedded-content\" data-secret=\"5IQSQnymqI\"><a href=\"https:\/\/stg.visualarq.com\/de\/verwendung-von-visualarq-im-projekt-jardin-la-playita\/\">Verwendung von VisualARQ im Projekt Jard\u00edn la Playita<\/a><\/blockquote><iframe sandbox=\"allow-scripts\" security=\"restricted\" src=\"https:\/\/stg.visualarq.com\/de\/verwendung-von-visualarq-im-projekt-jardin-la-playita\/embed\/#?secret=5IQSQnymqI\" width=\"600\" height=\"338\" title=\"&#8222;Verwendung von VisualARQ im Projekt Jard\u00edn la Playita&#8220; &#8211; VisualARQ\" data-secret=\"5IQSQnymqI\" frameborder=\"0\" marginwidth=\"0\" marginheight=\"0\" scrolling=\"no\" class=\"wp-embedded-content\"><\/iframe><script type=\"text\/javascript\">\n\/* <![CDATA[ *\/\n\/*! This file is auto-generated *\/\n!function(d,l){\"use strict\";l.querySelector&&d.addEventListener&&\"undefined\"!=typeof URL&&(d.wp=d.wp||{},d.wp.receiveEmbedMessage||(d.wp.receiveEmbedMessage=function(e){var t=e.data;if((t||t.secret||t.message||t.value)&&!\/[^a-zA-Z0-9]\/.test(t.secret)){for(var s,r,n,a=l.querySelectorAll('iframe[data-secret=\"'+t.secret+'\"]'),o=l.querySelectorAll('blockquote[data-secret=\"'+t.secret+'\"]'),c=new RegExp(\"^https?:$\",\"i\"),i=0;i<o.length;i++)o[i].style.display=\"none\";for(i=0;i<a.length;i++)s=a[i],e.source===s.contentWindow&&(s.removeAttribute(\"style\"),\"height\"===t.message?(1e3<(r=parseInt(t.value,10))?r=1e3:~~r<200&&(r=200),s.height=r):\"link\"===t.message&&(r=new URL(s.getAttribute(\"src\")),n=new URL(t.value),c.test(n.protocol))&&n.host===r.host&&l.activeElement===s&&(d.top.location.href=t.value))}},d.addEventListener(\"message\",d.wp.receiveEmbedMessage,!1),l.addEventListener(\"DOMContentLoaded\",function(){for(var e,t,s=l.querySelectorAll(\"iframe.wp-embedded-content\"),r=0;r<s.length;r++)(t=(e=s[r]).getAttribute(\"data-secret\"))||(t=Math.random().toString(36).substring(2,12),e.src+=\"#?secret=\"+t,e.setAttribute(\"data-secret\",t)),e.contentWindow.postMessage({message:\"ready\",secret:t},\"*\")},!1)))}(window,document);\n\/\/# sourceURL=https:\/\/stg.visualarq.com\/wp-includes\/js\/wp-embed.min.js\n\/* ]]> *\/\n<\/script>\n","thumbnail_url":"https:\/\/stg.visualarq.com\/wp-content\/uploads\/2022\/06\/LaPlayita-JoshuaAscencio-09-Thumbnail-\u00a9TheRaws.jpg","thumbnail_width":400,"thumbnail_height":250,"description":"Wir freuen uns, ein neu erstelltes Projekt teilen zu d\u00fcrfen, erstellt vom mexikanischen Architekten Joshua Ascencio, in dessen Entwicklung VisualARQ eine bedeutende Rolle spielte. Das Projekt bezieht sich auf einen au\u00dfergew\u00f6hnlich sch\u00f6nen Garten im Halbschatten, der zwischen den zentralen Lehrgeb\u00e4uden des Campus der Universit\u00e4t Monterrey gelegen ist (Prepa USP UDEM Monterrey, Mexiko). Das Projekt kombiniert [&hellip;]"}

Verwendung von VisualARQ im Projekt Jardín la Playita - VisualARQ

<blockquote class="wp-embedded-content" data-secret="5IQSQnymqI"><a href="https://stg.visualarq.com/de/verwendung-von-visualarq-im-projekt-jardin-la-playita/">Verwendung von VisualARQ im Projekt Jardín la Playita</a></blockquote><iframe sandbox="allow-scripts" security="restricted" src="https://stg.visualarq.com/de/verwendung-von-visualarq-im-projekt-jardin-la-playita/embed/#?secret=5IQSQnymqI" width="600" height="338" title="&#8222;Verwendung von VisualARQ im Projekt Jardín la Playita&#8220; &#8211; VisualARQ" data-secret="5IQSQnymqI" frameborder="0" marginwidth="0" marginheight="0" scrolling="no" class="wp-embedded-content"></iframe><script type="text/javascript">
/* <![CDATA[ */
/*! This file is auto-generated */
!function(d,l){"use strict";l.querySelector&&d.addEventListener&&"undefined"!=typeof URL&&(d.wp=d.wp||{},d.wp.receiveEmbedMessage||(d.wp.receiveEmbedMessage=function(e){var t=e.data;if((t||t.secret||t.message||t.value)&&!/[^a-zA-Z0-9]/.test(t.secret)){for(var s,r,n,a=l.querySelectorAll('iframe[data-secret="'+t.secret+'"]'),o=l.querySelectorAll('blockquote[data-secret="'+t.secret+'"]'),c=new RegExp("^https?:$","i"),i=0;i<o.length;i++)o[i].style.display="none";for(i=0;i<a.length;i++)s=a[i],e.source===s.contentWindow&&(s.removeAttribute("style"),"height"===t.message?(1e3<(r=parseInt(t.value,10))?r=1e3:~~r<200&&(r=200),s.height=r):"link"===t.message&&(r=new URL(s.getAttribute("src")),n=new URL(t.value),c.test(n.protocol))&&n.host===r.host&&l.activeElement===s&&(d.top.location.href=t.value))}},d.addEventListener("message",d.wp.receiveEmbedMessage,!1),l.addEventListener("DOMContentLoaded",function(){for(var e,t,s=l.querySelectorAll("iframe.wp-embedded-content"),r=0;r<s.length;r++)(t=(e=s[r]).getAttribute("data-secret"))||(t=Math.random().toString(36).substring(2,12),e.src+="#?secret="+t,e.setAttribute("data-secret",t)),e.contentWindow.postMessage({message:"ready",secret:t},"*")},!1)))}(window,document);
//# sourceURL=https://stg.visualarq.com/wp-includes/js/wp-embed.min.js
/* ]]> */
</script>

Wir freuen uns, ein neu erstelltes Projekt teilen zu dürfen, erstellt vom mexikanischen Architekten Joshua Ascencio, in dessen Entwicklung VisualARQ eine bedeutende Rolle spielte. Das Projekt bezieht sich auf einen außergewöhnlich schönen Garten im Halbschatten, der zwischen den zentralen Lehrgebäuden des Campus der Universität Monterrey gelegen ist (Prepa USP UDEM Monterrey, Mexiko). Das Projekt kombiniert [&hellip;]
